{"id":9,"date":"2021-04-16T19:08:16","date_gmt":"2021-04-16T19:08:16","guid":{"rendered":"https:\/\/www.zupabdm-novabukovica.hr\/?page_id=9"},"modified":"2021-05-03T16:36:33","modified_gmt":"2021-05-03T16:36:33","slug":"o-zupi","status":"publish","type":"page","link":"https:\/\/www.zupabdm-novabukovica.hr\/?page_id=9","title":{"rendered":"O \u017eupi"},"content":{"rendered":"\t\t<div data-elementor-type=\"wp-page\" data-elementor-id=\"9\" class=\"elementor elementor-9\">\n\t\t\t\t\t\t<section class=\"elementor-section elementor-top-section elementor-element elementor-element-03e7438 elementor-section-boxed elementor-section-height-default elementor-section-height-default\" data-id=\"03e7438\" data-element_type=\"section\" data-e-type=\"section\">\n\t\t\t\t\t\t<div class=\"elementor-container elementor-column-gap-default\">\n\t\t\t\t\t<div class=\"elementor-column elementor-col-100 elementor-top-column elementor-element elementor-element-6e838c0\" data-id=\"6e838c0\" data-element_type=\"column\" data-e-type=\"column\">\n\t\t\t<div class=\"elementor-widget-wrap elementor-element-populated\">\n\t\t\t\t\t\t<div class=\"elementor-element elementor-element-22f1be3 elementor-widget elementor-widget-text-editor\" data-id=\"22f1be3\" data-element_type=\"widget\" data-e-type=\"widget\" data-widget_type=\"text-editor.default\">\n\t\t\t\t<div class=\"elementor-widget-container\">\n\t\t\t\t\t\t\t\t\t<p><span style=\"color: #000000;\">Rimokatoli\u010dka \u017dupa Uznesenja Bla\u017eene Djevice Marije Nova Bukovica osnovana je 1812. godine, te je tada pripadala Zagreba\u010dkoj nadbiskupiji. Od osnivanja Po\u017ee\u0161ke biskupije 1997. godine \u017eupa pripada Po\u017ee\u0161koj biskupiji. Nalazi se u Slavonsko &#8211; podravskom Arhi\u0111akonatu, te je dio Slatinskog dekanata. \u00a0Prostorno se nalazi u sredi\u0161njem jugoisto\u010dnom dijelu Viroviti\u010dko-podravske \u017eupanije, a prostire se na op\u0107inu Nova Bukovica bez naselja Bjelkovac, cijelu op\u0107inu Mikleu\u0161 i naselje Kozice koje pripada gradu Slatini, ukupne povr\u0161ine 126,85 km<sup>2<\/sup>. Na podru\u010dju \u017eupe \u017eivi oko 3500 vjernika. Godi\u0161nje \u017eupno klanjanje u \u017eupi je 12. svibnja na blagdan sv. Leopolda Bogdana Mandi\u0107a.<\/span><\/p>\t\t\t\t\t\t\t\t<\/div>\n\t\t\t\t<\/div>\n\t\t\t\t\t<\/div>\n\t\t<\/div>\n\t\t\t\t\t<\/div>\n\t\t<\/section>\n\t\t\t\t<section class=\"elementor-section elementor-top-section elementor-element elementor-element-127c229 elementor-section-boxed elementor-section-height-default elementor-section-height-default\" data-id=\"127c229\" data-element_type=\"section\" data-e-type=\"section\">\n\t\t\t\t\t\t<div class=\"elementor-container elementor-column-gap-default\">\n\t\t\t\t\t<div class=\"elementor-column elementor-col-100 elementor-top-column elementor-element elementor-element-b0f02bb\" data-id=\"b0f02bb\" data-element_type=\"column\" data-e-type=\"column\">\n\t\t\t<div class=\"elementor-widget-wrap elementor-element-populated\">\n\t\t\t\t\t\t<div class=\"elementor-element elementor-element-69a75ce elementor-widget elementor-widget-image\" data-id=\"69a75ce\" data-element_type=\"widget\" data-e-type=\"widget\" data-widget_type=\"image.default\">\n\t\t\t\t<div class=\"elementor-widget-container\">\n\t\t\t\t\t\t\t\t\t\t\t\t\t\t\t<img fetchpriority=\"high\" decoding=\"async\" width=\"560\" height=\"607\" src=\"https:\/\/www.zupabdm-novabukovica.hr\/wp-content\/uploads\/2021\/04\/Zupa-944x1024.jpg\" class=\"attachment-large size-large wp-image-195 milton-first-image skip-lazy\" alt=\"\" srcset=\"https:\/\/www.zupabdm-novabukovica.hr\/wp-content\/uploads\/2021\/04\/Zupa-944x1024.jpg 944w, https:\/\/www.zupabdm-novabukovica.hr\/wp-content\/uploads\/2021\/04\/Zupa-277x300.jpg 277w, https:\/\/www.zupabdm-novabukovica.hr\/wp-content\/uploads\/2021\/04\/Zupa-768x833.jpg 768w, https:\/\/www.zupabdm-novabukovica.hr\/wp-content\/uploads\/2021\/04\/Zupa.jpg 1062w\" sizes=\"(max-width: 560px) 100vw, 560px\" loading=\"eager\" \/>\t\t\t\t\t\t\t\t\t\t\t\t\t\t\t<\/div>\n\t\t\t\t<\/div>\n\t\t\t\t\t<\/div>\n\t\t<\/div>\n\t\t\t\t\t<\/div>\n\t\t<\/section>\n\t\t\t\t<\/div>\n\t\t","protected":false},"excerpt":{"rendered":"<p>Rimokatoli\u010dka \u017dupa Uznesenja Bla\u017eene Djevice Marije Nova Bukovica osnovana je 1812. godine, te je tada pripadala Zagreba\u010dkoj nadbiskupiji. Od osnivanja Po\u017ee\u0161ke biskupije 1997. godine \u017eupa pripada Po\u017ee\u0161koj biskupiji. Nalazi se&hellip;<\/p>\n","protected":false},"author":1,"featured_media":0,"parent":0,"menu_order":0,"comment_status":"closed","ping_status":"closed","template":"","meta":{"cybocfi_hide_featured_image":"","footnotes":""},"class_list":["post-9","page","type-page","status-publish","hentry"],"_links":{"self":[{"href":"https:\/\/www.zupabdm-novabukovica.hr\/index.php?rest_route=\/wp\/v2\/pages\/9","targetHints":{"allow":["GET"]}}],"collection":[{"href":"https:\/\/www.zupabdm-novabukovica.hr\/index.php?rest_route=\/wp\/v2\/pages"}],"about":[{"href":"https:\/\/www.zupabdm-novabukovica.hr\/index.php?rest_route=\/wp\/v2\/types\/page"}],"author":[{"embeddable":true,"href":"https:\/\/www.zupabdm-novabukovica.hr\/index.php?rest_route=\/wp\/v2\/users\/1"}],"replies":[{"embeddable":true,"href":"https:\/\/www.zupabdm-novabukovica.hr\/index.php?rest_route=%2Fwp%2Fv2%2Fcomments&post=9"}],"version-history":[{"count":25,"href":"https:\/\/www.zupabdm-novabukovica.hr\/index.php?rest_route=\/wp\/v2\/pages\/9\/revisions"}],"predecessor-version":[{"id":373,"href":"https:\/\/www.zupabdm-novabukovica.hr\/index.php?rest_route=\/wp\/v2\/pages\/9\/revisions\/373"}],"wp:attachment":[{"href":"https:\/\/www.zupabdm-novabukovica.hr\/index.php?rest_route=%2Fwp%2Fv2%2Fmedia&parent=9"}],"curies":[{"name":"wp","href":"https:\/\/api.w.org\/{rel}","templated":true}]}}